divisor of x and 62?
2
Let v be 0/(2/(-4 + 2)). Let z = 3 + v. Suppose -l + 20 = 5*x + l, l + 1 = 3*x. Calculate the highest common factor of z and x.
1
Let m be 1*(-12)/5*-45. Calculate the highest common factor of m and 12.
12
Let z = 24 + -9. Let u(y) = -3*y + 12. Suppose 3*w = -9, 4 - 25 = 4*b - w. Let d be u(b). Calculate the highest common factor of d and z.
15
Let t(r) = 4*r - 6. Suppose -2*u + 0*u = -4*g - 28, 3*u = g + 22. Let j be t(u). Suppose 0 = -16*w + 15*w + 27. Calculate the highest common divisor of j and w.
9
Suppose 0 = 4*h - 4, -3*h - 237 = -3*c - 42. Suppose 0*f = 2*f - 330. Calculate the highest common divisor of f and c.
33
Suppose -5*r = -3*z - 108 - 107, -2*z - 82 = -2*r. What is the highest common factor of 529 and r?
23
Let f = 82 + -79. Suppose 0 = 2*w - 2*b - f*b - 19, 5*w + b - 61 = 0. Calculate the greatest common factor of w and 18.
6
Let g(d) = -5*d + 4. Let q(p) = -2 + 5*p + 11*p - 5*p - 5. Let y(a) = -5*g(a) - 2*q(a). Let k be y(10). Calculate the greatest common divisor of k and 192.
24
Let m(p) = 7*p**2 + 6*p - 43. Let u be m(-8). Calculate the greatest common factor of u and 85.
17
Let u = -4 + 9. Suppose u*m - 48 - 37 = 0. Suppose m*p = 16*p + 8. What is the greatest common factor of 16 and p?
8
Let x = 217 - 195. Calculate the greatest common divisor of x and 275.
11
Let h(t) = t**2 - 9*t - 20. Let m be h(11). Suppose -m = -2*l + 4. What is the greatest common factor of 3 and l?
3
Suppose 20*v = 1111 + 489. Suppose -4*r - 160 = -5*c + r, -4*c = -2*r - 128. Calculate the highest common divisor of v and c.
16
Suppose 5*l = -2*j + 68 + 27, 5*l + 105 = 3*j. Calculate the greatest common divisor of 15 and j.
5
Suppose 5*j = -4*b + 4, 3*j + 2*j + 20 = 0. Let m(t) = -4*t**2 - t - 1 + 48*t**3 - 1 - 47*t**3. Let k be m(b). Calculate the greatest common factor of k and 8.
8
Suppose 0 = 5*q - 4*t - 77, q + 20 = 3*q + 2*t. Let o = 16 - q. Suppose 0 = -r + 4*g - 0 + 2, o*r - 58 = -g. What is the highest common divisor of r and 126?
18
Let v be 4/(-22) + 1332/66. Let s = 0 + -15. Let d be (160/s)/((-1)/15). Calculate the highest common divisor of d and v.
20
Suppose 66 - 18 = 4*s. Suppose -2*o - 17 = -p, -3*o - s = -0*o. What is the greatest common factor of 36 and p?
9
Suppose -27 = 463*o - 466*o. What is the highest common factor of 57 and o?
3
Suppose -516 = -4*u - 3*w, -2*u - 4*w + 248 = -5*w. Calculate the greatest common divisor of 234 and u.
18
Let g be ((-3)/6)/((-1)/(-2)). Let p be 25 + (-2 - (g - 0)). Suppose -3 = -5*m + 4*m. Calculate the greatest common divisor of p and m.
3
Let w(q) = 7*q**3 + q**2 + 8*q + 9. Let b(o) = o**3 + o + 1. Let j(t) = 6*b(t) - w(t). Let r be j(-2). Calculate the greatest common factor of 55 and r.
5
Let r(s) = 3*s**2 - 6*s + 8. Suppose 0*c - c + 5 = 0. Let w be r(c). Suppose 25 + w = 2*v. Calculate the greatest common factor of v and 26.
13
Let n be 4/(16/4) - 2. Let w be (-2 + -1)*n*-10. Let k = w - -76. What is the highest common divisor of k and 23?
23
Suppose -3*r = 4*k - 11, -6*k = -2*r - 4*k + 12. Suppose 5*x = -5*p + 2*p + 104, -4*p = r*x - 137. What is the greatest common divisor of 165 and p?
33
Let c be (-83)/(-3) - 22/33. Let f = 131 + -82. Let r = f - c. What is the greatest common divisor of 33 and r?
11
Suppose -3*l + 5 = -4. Let y be 8/8*9*3. Suppose 0 = 3*t - l*f - 21 - 6, y = 3*t + f. Calculate the greatest common factor of t and 27.
9
Let a = 112 + -111. What is the highest common factor of a and 25?
1
Suppose -5*t = a - 71, 14 = t + 4*a + 15. Calculate the greatest common factor of 130 and t.
5
Suppose r = 4*x + 415, 0 = -3*x - 12 + 3. Calculate the greatest common divisor of 13 and r.
13
Suppose -11*p + 9 = -8*p. Suppose -p*a + 186 = -354. Calculate the greatest common divisor of a and 36.
36
Let w = 1812 - 1109. Calculate the highest common factor of w and 74.
37
Suppose 0 = 2*v - 3*v - 36. Let o = -35 - v. Suppose -6*y + o = -11. What is the greatest common divisor of y and 16?
2
Let z = -51 + 61. Let q = -12 + 27. Calculate the greatest common factor of z and q.
5
Suppose -17*z + 171 = -781. Calculate the highest common factor of 364 and z.
28
Let d be (-6)/((-26)/4 + 6). What is the highest common divisor of d and 972?
12
Let d(o) = -23*o - 111. Let j be d(-5). Suppose -5*w + w = b - 16, 0 = -b + 5*w - 11. Calculate the greatest common factor of j and b.
4
Suppose v + 4 = -0. Let n be (v/(-7))/(6/42). Calculate the highest common factor of 20 and n.
4
Let b = 2910 - 2073. Calculate the highest common divisor of 27 and b.
27
Let p = -14 + 14. Suppose p = -5*c + 5*l + 5, 5*l - 2 = 2*c + 2. Suppose 2*n - c = -1. Calculate the highest common factor of n and 8.
1
Let f be 4 + (-4 - (-52)/1). Let m = -51 + f. Suppose -3*b + 16 - 1 = 0. Calculate the highest common factor of m and b.
1
Let x(i) = 110*i - 254. Let o be x(15). What is the highest common divisor of 4 and o?
4
Suppose -38*n = 24*n - 4960. Suppose -5*m = -3*m - 2*w - 16, 0 = -m + 2*w + 11. What is the highest common factor of m and n?
5
Suppose 0 = 3*a - 3 - 0. Let w = 35 + a. Calculate the greatest common factor of 24 and w.
12
Let v = -937 + 1073. Calculate the highest common factor of v and 152.
8
Let f = -37 - -40. Suppose 0*q + 21 = f*q. What is the greatest common divisor of 14 and q?
7
Let t(g) = g**3 + 69*g**2 + 67*g - 56. Let o be t(-68). Calculate the highest common factor of o and 33.
3
Suppose 18*n - 433 = 4103. Calculate the greatest common factor of 140 and n.
28
Suppose 0 = -3*c, -3*c = b - c - 69. Calculate the greatest common divisor of 115 and b.
23
Suppose 4*k - 404 = 3*d, 3*d + 94 = k + 2. What is the highest common factor of 13 and k?
13
Suppose p - 4 = -3*p. Let d be p - ((-3)/1 - 0). Suppose 0 = -2*u - d*g + 88, 4*u - 287 + 115 = -4*g. What is the highest common divisor of u and 105?
21
Suppose -2*o + 99 = -4*l - 1, 68 = 2*o + 4*l. Calculate the greatest common divisor of 182 and o.
14
Suppose -14*g = -84 + 42. Calculate the greatest common factor of 309 and g.
3
Let m = 33 + -7. Suppose 0 = -3*q - 9, -6*u + u - 3*q + 101 = 0. Let p = m - u. What is the greatest common factor of 16 and p?
4
Let t(q) = 18*q**3 + q**2 + q - 2. Suppose -c = -0*k - 2*k, -5*c = -5*k - 5. Let f be t(k). What is the greatest common divisor of 45 and f?
9
Let z(f) = 29*f - 53. Let n be z(20). Calculate the highest common divisor of n and 34.
17
Let v = 1615 - 769. What is the greatest common factor of 27 and v?
9
Let z(x) = -97*x**2 - x. Let i be z(-1). Let d(a) = 29*a + 13. Let b be d(-6). Let w = i - b. What is the highest common factor of 26 and w?
13
Suppose 0 = p - 3*u + 1, 0*u + 6 = -2*p + 2*u. Let c = p + 9. Suppose c*h + 7 = -o, 0*h - 3*h - 51 = -2*o. What is the greatest common divisor of o and 18?
18
Let n be 11 + ((-4)/10 - (-40)/(-25)). Suppose 39 = 2*h - n. Suppose 0 = 2*c - 4*d - 548, d - 1 = -6. Calculate the highest common factor of c and h.
24
Suppose 13*s - 346 = 278. What is the highest common factor of s and 64?
16
Let m(z) = 6*z**2 - 5*z - 15. Let g be m(-5). What is the greatest common factor of 30 and g?
10
Let w be (-2 - -2)/(-5 + 4). Let n be w + 2*(62 - -3). Suppose -2*p = -4*p + 104. What is the highest common factor of p and n?
26
Let g = 22 - 5. Suppose -4*s = -0*x - 5*x - 189, 0 = 4*s + 3*x - 213. What is the greatest common divisor of s and g?
17
Let d = -41 + 44. Let b be 539/5 + d/15. What is the greatest common divisor of b and 24?
12
Suppose -38*b = 4*b - 126. Calculate the highest common divisor of b and 159.
3
Let k = 0 - -1. Let q = 280 + -144. Let y = q + -135. What is the greatest common divisor of y and k?
1
Let h = 45 - -385. What is the greatest common factor of h and 10?
10
Let z(b) = -b**3 - 3*b**2 + 5*b - 1. Let x be z(-5). Let t = 464 + -404. What is the greatest common factor of x and t?
12
Let a(t) = -t**3 - 10*t**2 + t + 45. Let o be a(-10). What is the highest common factor of o and 15?
5
Suppose -2*o - 2*z = -16, -4*o + 0*z = -z - 17. Let w = 595 - 575. Calculate the highest common factor of w and o.
5
Let y(d) = 6*d**3. Let c be y(-1). Let j = c + 6. Suppose j = 3*f - 2*f - 4. Calculate the greatest common factor of f and 20.
4
Let g be (-7 - -8)*(-3)/(9/(-21)). Suppose -6*z - 12 = -3*z. Let w = g + z. What is the highest common factor of w and 